 is r(v)?
-7
Let j(a) = -a**2 + 5*a + 1. Suppose -6*f + 5*f = -6. Determine j(f).
-5
Suppose 5*t - 24 = 4*s, 3*s = -t - s. Suppose -t*h = 3 - 11. Let k(l) = 3*l - h*l + 4*l - 4*l. Determine k(5).
5
Let p(v) be the first derivative of -1 - 3/2*v**2 + 1/3*v**3 + 2*v. Suppose 0 = 4*c - 3 - 5. Determine p(c).
0
Suppose 0 = -5*w - 15, 3*w + w + 18 = -n. Let h(o) = o**3 + 7*o**2 + 5*o - 7. Determine h(n).
-1
Let z(w) = w - 4. Let y be z(6). Let p = y + -4. Let s be 1 + 1 + -3 - p. Let i(n) = 9*n**2 - n. Calculate i(s).
8
Suppose -9 = 5*y + 3*x, 4*x - 2*x + 6 = -3*y. Let l(p) = -4*p**2 - 5*p + 6. Let s(d) = -d**2 - d + 1. Let m(f) = l(f) - 5*s(f). Give m(y).
1
Suppose 5*l = 3*l + 6. Let j(h) = -h**2 + 2*h**2 + 5*h**l - 4*h**3 + 5. Give j(0).
5
Suppose 4*w = -w + 10. Suppose -26 = -5*m - 2*y, m = 3*m - w*y - 2. Let n be (-88)/14 - m/(-14). Let g(f) = f**3 + 7*f**2 + 7*f + 5. Give g(n).
-1
Suppose -n = -4*n + 15. Let h(a) = -a**2 + a + 4. Let c be h(0). Let p(f) = -2*f + c*f + 0*f - f. What is p(n)?
5
Suppose 2*t + 8 = -2*q, t + 20 = -3*t. Let i(a) be the third derivative of -11*a**5/60 - a**4/12 + a**3/6 + 8*a**2. Determine i(q).
-12
Let p(y) = -y**3 + y**2 + y + 3. Let z be p(0). Let r(c) = 1 + 3*c**3 - 2*c**3 - 3*c**z. Suppose -4*l = -l + 3. Give r(l).
3
Let j(u) = u**3 - 6*u**2 + 6*u + 6. Suppose -5*s - 3*c + 35 = 2*c, 2*s - c - 8 = 0. What is j(s)?
11
Let z be (-2)/(-6)*(3 + -9). Let o(g) = 3*g + 2. Let v(j) = 16*j + 11. Suppose 55 = i + 4*i. Let w(m) = i*o(m) - 2*v(m). Give w(z).
-2
Let m(f) = 4*f + 2. Let a(l) = 2*l**3 + l**2 + l - 2. Let u be a(1). What is m(u)?
10
Let q(v) = -2 + 4*v**2 - v**3 - 12*v**2 - 1 + 8*v - 3. Let p be q(-9). Let b(m) = m**2 + m - 2. Calculate b(p).
10
Let g(r) = -r**2 + 2 - 7*r**3 + 6 + 7*r + 6*r**3 + 6*r**2. Calculate g(6).
14
Suppose -2*s = 3*q + 29, 5*q - 53 + 0 = 2*s. Let u = s - -20. Let a(h) = -5*h. Give a(u).
-5
Let i(l) = -l**2 - 12*l - 3. Let s be i(-12). Let h(w) = w**3 + 2*w**2 + 2*w. Calculate h(s).
-15
Suppose -m + 7 = 4*x + 1, -2*m + 5*x - 1 = 0. Let l(q) = -2*q + q + 0*q - m - 2. Suppose 0 = 2*c - 4*c. Determine l(c).
-4
Let x(l) = -2*l**2 - 4*l - 5. Let v(u) = u**2 + 1. Let c(q) = v(q) + x(q). What is c(-4)?
-4
Let x = 49/165 - -2/55. Let w(c) be the third derivative of 0 + 0*c + c**2 + x*c**3 - 1/24*c**4. What is w(5)?
-3
Let h(i) = 2*i**2 - i**3 + 2 + 7*i - 7 + 2*i**2. Determine h(5).
5
Suppose -2*c = 2*j + 14, 1 = -5*c + 4*j + 2. Let d be 1 - (-6)/(0 - -3). Let o(a) = 3*a**2 - 2*a**2 - d + a**3 - 3*a - 2*a. Calculate o(c).
-6
Let a(h) = 16*h + 21. Let p(i) = 3*i + 4. Let s(z) = 2*a(z) - 11*p(z). Let c(m) = 0 + 2 + 2 - 2 - m**2 - 11*m. Let g be c(-11). Calculate s(g).
-4
Let r(n) = -3*n - 2. Let c = 38 + -44. Calculate r(c).
16
Let j(k) = -k - 2. Let s(m) = -3*m**2 - 35*m - 24. Let h(c) = -c**2 - 12*c - 8. Let y(x) = 11*h(x) - 4*s(x). Let u be y(-6). Calculate j(u).
2
Suppose -g - 4*o = 4, -3*g + 43 = 2*g - o. Let a(v) = -v**3 + 8*v**2 - 4. What is a(g)?
-4
Let s(u) = -9*u**3 + u**2 + u. Suppose 2*a + 9 - 7 = 0. Calculate s(a).
9
Let o(w) = -2 + 2 - 10*w. Suppose -6*y + y - 5 = 0. Determine o(y).
10
Let d = -4 - -6. Let v(j) = -2*j**2 + 5*j**2 - d*j**2. Suppose -x + 7 = -3*h, -5*x = -3*h - 2*h - 5. Calculate v(h).
9
Suppose 3*p + 9 = -3. Let x(w) = -5*w**2 + 13*w + 10. Let d(a) = -11*a**2 + 27*a + 21. Let b(z) = 6*d(z) - 13*x(z). Determine b(p).
8
Let w(p) = -29 + 13 + 13 - 3*p**2 - 3*p + 4*p**2. Give w(3).
-3
Let q(j) be the first derivative of -3*j**2 - j + 39. Give q(2).
-13
Suppose 4*b - s + 27 = 0, -2*s - 9 + 0 = b. Let l = b + 4. Let r(x) = -x**2 + x. Let g(z) = -z**3 - 8*z**2 + 4*z + 2. Let f(t) = -g(t) + 4*r(t). Calculate f(l).
7
Let z(u) be the third derivative of u**6/120 - u**5/4 - u**3/6 - 6*u**2 - 3*u. Give z(15).
-1
Let g = -3 + 9. Let c = g - 9. Let f(n) = -2*n**2 + 4*n - 3. Let l(o) = o**2. Let m(k) = f(k) + 3*l(k). What is m(c)?
-6
Let t(r) be the second derivative of -r**5/20 - r**4/2 + r**3/6 + 4*r**2 - r. Let o be -2 - (-45)/(-12) - 2/8. Calculate t(o).
2
Let q(l) = -6*l**2 + 2*l - 1. Let h be q(1). Let s(p) = -p - 3. Determine s(h).
2
Let z(b) = -3*b - 2. Suppose 3 = c - i, 5*c - 24 = 3*i - 5. Calculate z(c).
-17
Let g = 5 + -3. Let h be (-40)/(-16) - (-2)/(-4). Let z(s) = 2 - 3*s**2 - 2*s + 4*s**h - 4 + s**2. Give z(g).
2
Let i(v) = -v + 3. Suppose 2*y + 2*c = 3*c + 10, -5 = 5*y + 5*c. Suppose -5*t - 20 = -2*p, -y*p - 2*t + 21 = 2*p. Determine i(p).
-2
Let y(b) be the third derivative of 0*b + 1/15*b**6 - 1/24*b**4 + 0 + 0*b**5 + 2*b**2 + 0*b**3. What is y(-1)?
-7
Let d(s) = -4*s - 1. Suppose -o - 2*x = 5, 0 = -4*o + x + x - 30. Let u = o + 17. Suppose h - 6*h + u = 0. Calculate d(h).
-9
Let x be (-2)/2*(-9 + 7). Let c(i) be the third derivative of -2*i**x - 1/24*i**4 + 1/6*i**3 + 0*i + 0. Determine c(0).
1
Let d(v) = -6*v + 2. Let z(j) = -j**3 + j + 2. Let s be z(0). Calculate d(s).
-10
Let z(q) = q**3 - 2*q**2 - 4*q + 2. Let c = 7 + -4. Suppose 0 = c*k + 2*k - 15. Give z(k).
-1
Let r be (28/70)/((-2)/(-10)). Let f(q) be the second derivative of r*q - 1/20*q**5 + 0 + 2/3*q**3 - 1/6*q**4 + 1/2*q**2. Give f(-3).
-2
Let f(v) = 6 - 4*v**2 - 2*v**2 - 3*v - 3*v**3 + 2*v**3. Let c(l) = l + 6. Let d be c(-6). Let r = d + -5. Determine f(r).
-4
Let n(k) = -2*k + 3. Let p(s) = 3*s - 9. Let l be p(4). What is n(l)?
-3
Let i(p) be the second derivative of 3/2*p**2 + 4*p - 1/2*p**3 + 0. What is i(3)?
-6
Let b(a) = -4*a - 1. Let h = 25 + -17. Let n = 6 - h. What is b(n)?
7
Let f(h) = h - 3. Suppose 2*x + 2*g = -0*x + 18, 37 = 5*x + 3*g. Let y be f(x). Let b(j) = j**3 - 1 + 0*j**3 - 5*j + 5 - 3 - 5*j**y. Give b(6).
7
Let l be (0 - -2)/(2/(-4)). Let i(v) = -v**2 - 12*v - 8. Let k be i(-11). Let d(h) = -5*h**2 - 3 + 5*h**2 + 4*h**2 + h**k. Determine d(l).
-3
Let t(a) = -4 + 2 + 1 + 3*a**2 + a + a**3. Suppose p = g - 2, -g - 5 = -4*g + 2*p. Let d be (0 + g)/((-1)/2). Determine t(d).
1
Let s(j) = -j**2 - 10*j + 6. Let y = 44 + -55. Give s(y).
-5
Suppose -9 = 2*j - 5*j. Suppose 0 = -3*k + 15, -39 + 15 = -j*l - 3*k. Let q(d) = d + 2. Calculate q(l).
5
Let s(w) = w**2 - 8*w - 6. Let o = 77 + -68. Calculate s(o).
3
Suppose 8*h = 5*h. Suppose h = 3*i - 12. Let y(n) = 6 - 3*n + 3 + 1 - 5. Determine y(i).
-7
Let w(i) = 3 + 4*i**2 + 6 - 2 - 5*i**2 - 5*i. Let y be ((-9)/6)/((-6)/8). Let n be (-2)/(-4*y/(-20)). Determine w(n).
7
Let d(u) be the first derivative of u**2/2 - 3*u + 12. Suppose -3*h = -2*h. Calculate d(h).
-3
Let n(d) = 6*d + 9. Let c(q) = -q**3 + 6*q + 3. Let p be c(3). What is n(p)?
-27
Let r(l) = l + 2*l - 3*l - 3*l. Suppose -16 = -5*z + 4. Let d(q) = q - 1. Let a(j) = z*d(j) + r(j). What is a(3)?
-1
Let u(j) = -j**2 - j + 5. Let t be (9/(-3) - -3)/2. What is u(t)?
5
Let w be -1 - (2/(-6))/((-4)/(-36)). Let n(v) be the third derivative of 1/60*v**5 + 0*v - 1/4*v**4 + 0 - 3*v**w + v**3. Calculate n(6).
6
Let j(w) = -2*w + 7. Suppose 0*o - 2*o = -4*m - 30, 52 = 3*o + m. Suppose f = -3*i + o, i + 21 = 8*f - 3*f. Calculate j(f).
-3
Let o(a) be the first derivative of -a**4/4 - 4*a**3/3 - a**2 - 4*a - 68. Let c(g) = 2*g. Let w be c(-2). Determine o(w).
4
Let o be 6/(-21) - 37/(-7). Let u(h) be the second derivative of -h**4/12 + h**3 + h**2/2 + 10*h. Determine u(o).
6
Let l = -7 + 11. Let x(d) = -2*d + d**3 + d + 2*d - 4*d**2 - 5. Let r be x(l). Let u(f) = 6*f**3 + f**2 + 2*f + 1. Give u(r).
-6
Let o(y) = -y - 4. Let k(x) = -2*x**2 + x + 6. Let l be k(-2). Calculate o(l).
0
Let r(d) be the second derivative of -d**3/3 + 7*d**2 + 9*d + 4. What is r(13)?
-12
Let p(z) = -z**3 + 4*z**2 - 5*z - 3. Let x(n) = -3*n**3 + 8*n**2 - 10*n - 5. Let h(y) = -5*p(y) + 2*x(y). Calculate h(-5).
5
Let f(p) = -7 + 16 + 0*p**2 - 10*p**2 - 8. Calculate f(-1).
-9
Let g(m) = -m**3 + 2*m**2 + m. Suppose 4*i = 16, 4*h = i - 0*i + 32. Suppose -h = -5*v + 16, 0 = -2*b - 2*v + 8. Determine g(b).
2
Let d(a) = a - 4. Let z = 36 - 22. Let c = 22 - z. Give d(c).
4
Suppose -x - 1 = -0*x. Let b be (x + 1)/(6 + -8). Let s(o) = -o - 5. Give s(b).
-5
Let u(o) = 5*o - 5. Suppose 5*f = 4*m + 21, 3*f - 11 = 2*m - 0. What is u(m)?
-25
Let o(s) = -7*s**2 - 4*s + 8 + 9 - s**3 + 7 - 22. Determine o(-6).
-10
Let v(r) = 7*r**2 - 8*r + 1. Let q(c) = c**2 - c. Let u(g) = -6*q(g) + v(g). Let x = 3 + -5. Determine u(x).
9
Let m(w) = w**2 - 